111 (base 2) to base 15.
7
Convert 141 (base 5) to base 4.
232
1001 (base 2) to base 9
10
What is -b (base 16) in base 6?
-15
-111 (base 9) to base 15
-61
Convert 83 (base 16) to base 13.
a1
Convert 10 (base 7) to base 12.
7
Convert 111 (base 2) to base 6.
11
-110 (base 9) to base 14
-66
-13 (base 6) to base 10
-9
51 (base 13) to base 15
46
What is -23 (base 4) in base 16?
-b
What is -101 (base 4) in base 6?
-25
What is -6 (base 9) in base 3?
-20
0 (base 15) to base 14
0
What is 21 (base 7) in base 4?
33
Convert 101101 (base 2) to base 3.
1200
-100010010 (base 2) to base 11
-22a
What is -75 (base 11) in base 6?
-214
Convert 23 (base 4) to base 10.
11
22 (base 9) to base 4
110
-50 (base 6) to base 5
-110
-6 (base 14) to base 13
-6
-aa (base 11) to base 4
-1320
19 (base 12) to base 16
15
What is 69 (base 16) in base 12?
89
Convert -23 (base 10) to base 4.
-113
What is -8 (base 15) in base 14?
-8
What is -202 (base 3) in base 16?
-14
What is 112 (base 8) in base 14?
54
-276 (base 11) to base 15
-16a
2 (base 5) to base 10
2
Convert 8 (base 12) to base 5.
13
Convert -17 (base 13) to base 10.
-20
Convert -4 (base 15) to base 4.
-10
Convert 3002 (base 4) to base 5.
1234
Convert 5 (base 7) to base 13.
5
Convert -7 (base 8) to base 9.
-7
-3 (base 12) to base 8
-3
What is 1010010 (base 2) in base 14?
5c
3 (base 11) to base 9
3
Convert -14 (base 11) to base 3.
-120
-34 (base 5) to base 13
-16
Convert 19 (base 12) to base 6.
33
Convert -50 (base 7) to base 5.
-120
5 (base 10) to base 14
5
What is -13 (base 10) in base 2?
-1101
-32 (base 16) to base 3
-1212
What is 110 (base 5) in base 9?
33
What is 31 (base 12) in base 11?
34
What is 16 (base 15) in base 8?
25
What is -5 (base 12) in base 6?
-5
What is -12111 (base 3) in base 5?
-1043
What is 2301 (base 4) in base 8?
261
What is 0 (base 3) in base 10?
0
1 (base 11) to base 5
1
Convert -2 (base 4) to base 14.
-2
11 (base 14) to base 5
30
Convert -92 (base 16) to base 12.
-102
Convert 1121 (base 6) to base 8.
411
What is -10022 (base 3) in base 5?
-324
Convert 503 (base 8) to base 3.
102222
What is -253 (base 8) in base 2?
-10101011
Convert 214 (base 5) to base 2.
111011
What is -1 (base 9) in base 12?
-1
-13 (base 6) to base 13
-9
Convert -4 (base 8) to base 15.
-4
Convert 21 (base 9) to base 15.
14
What is 23 (base 9) in base 7?
30
-2 (base 5) to base 3
-2
-39 (base 10) to base 13
-30
What is 6 (base 12) in base 6?
10
What is 1 (base 2) in base 10?
1
-24 (base 6) to base 13
-13
-3 (base 4) to base 11
-3
Convert 61 (base 16) to base 14.
6d
Convert 10 (base 3) to base 5.
3
What is 11101 (base 3) in base 10?
118
Convert 7a (base 15) to base 12.
97
What is 6 (base 14) in base 13?
6
-2 (base 11) to base 4
-2
What is 0 (base 15) in base 14?
0
3 (base 15) to base 6
3
Convert -20 (base 3) to base 10.
-6
What is 102 (base 5) in base 13?
21
4 (base 5) to base 2
100
What is 0 (base 7) in base 13?
0
What is 17 (base 15) in base 14?
18
What is -12 (base 3) in base 7?
-5
-221 (base 3) to base 15
-1a
What is -1 (base 5) in base 9?
-1
What is -166 (base 8) in base 10?
-118
What is -1 (base 9) in base 5?
-1
What is -70 (base 9) in base 12?
-53
7 (base 12) to base 11
7
What is -14 (base 9) in base 14?
-d
What is -111 (base 2) in base 15?
-7
-10 (base 11) to base 8
-13
Convert 4 (base 6) to base 12.
4
Convert 33 (base 6) to base 5.
41
What is 6 (base 7) in base 13?
6
1120 (base 4) to base 13
6a
Convert 27 (base 10) to base 14.
1d
-1e (base 15) to base 2
-11101
Convert 4 (base 11) to base 10.
4
Convert 1 (base 5) to base 7.
1
Convert -1 (base 16) to base 15.
-1
What is -16 (base 8) in base 3?
-112
Convert 13 (base 9) to base 6.
20
What is 4 (base 5) in base 11?
4
Convert 6 (base 16) to base 2.
110
What is 65 (base 15) in base 5?
340
Convert 20 (base 8) to base 14.
12
-210 (base 3) to base 9
-23
Convert 211 (base 4) to base 9.
41
Convert -40 (base 12) to base 14.
-36
-512 (base 6) to base 10
-188
What is 11 (base 14) in base 5?
30
Convert -4 (base 15) to base 11.
-4
-59 (base 12) to base 4
-1011
Convert -7 (base 13) to base 2.
-111
What is -2 (base 16) in base 3?
-2
2 (base 10) to base 3
2
Convert -1115 (base 6) to base 15.
-128
101 (base 3) to base 12
a
Convert -111111 (base 2) to base 14.
-47
What is 9 (base 12) in base 3?
100
What is -11 (base 13) in base 5?
-24
Convert -6 (base 15) to base 3.
-20
Convert -5 (base 7) to base 16.
-5
What is c (base 16) in base 13?
c
What is -14 (base 5) in base 16?
-9
26 (base 7) to base 3
202
Convert 5 (base 6) to base 9.
5
2 (base 9) to base 12
2
Convert -1101111 (base 2) to base 10.
-111
Convert -102 (base 5) to base 15.
-1c
Convert -27 (base 14) to base 8.
-43
What is d (base 15) in base 5?
23
What is -1b9 (base 12) in base 16?
-11d
-1 (base 10) to base 6
-1
0 (base 14) to base 5
0
141 (base 5) to base 10
46
Convert 28 (base 11) to base 12.
26
What is 125 (base 8) in base 5?
320
1 (base 13) to base 6
1
What is 46 (base 12) in base 10?
54
What is -10000100 (base 2) in base 16?
-84
Convert 15 (base 6) to base 16.
b
1d (base 16) to base 10
29
-9 (base 10) to base 7
-12
Convert -13 (base 15) to base 3.
-200
What is 8 (base 11) in base 6?
12
What is -2 (base 14) in base 6?
-2
Convert 101 (base 3) to base 6.
14
What is -2 (base 12) in base 15?
-2
Convert -25 (base 10) to base 8.
-31
What is -9 (base 15) in base 11?
-9
Convert -3233 (base 4) to base 8.
-357
0 (base 14) to base 5
0
Convert 100 (base 15) to base 3.
22100
Convert 39 (base 10) to base 2.
100111
Convert -44 (base 5) to base 3.
-220
-30 (base 4) to base 3
-110
What is -1 (base 9) in base 6?
-1
What is 200 (base 6) in base 11?
66
Convert -5 (base 7) to base 2.
-101
What is 55 (base 10) in base 16?
37
-5 (base 6) to base 13
-5
What is -84 (base 9) in base 14?
-56
What is 23 (base 14) in base 8?
37
Convert 36 (base 13) to base 11.
41
Convert -140 (base 6) to base 14.
-44
-6 (base 8) to base 4
-12
fa (base 16) to base 2
11111010
Convert -b1 (base 12) to base 7.
-250
What is 16 (base 15) in base 7?
30
Convert 22 (base 6) to base 2.
1110
What is -31 (base 4) in base 11?
-12
Convert -7 (base 10) to base 4.
-13
What is 12 (base 8) in base 14?
a
Convert -20 (base 16) to base 10.
-32
Convert -10 (base 3) to base 6.
-3
2 (base 8) to base 16
2
What is 101 (base 2) in base 16?
5
-ca (base 13) to base 15
-b1
Convert 0 (base 14) to base 3.
0
-111010 (base 2) to base 9
-64
What is -4 (base 12) in base 10?
-4
Convert -4 (base 12) to base 4.
-10
Convert -450 (base 7) to base 9.
-276
Convert 279 (base 10) to base 13.
186
-10 (base 10) to base 11
-a
-12 (base 11) to base 10
-13
Convert 14 (base 7) to base 16.
b
What is -25 (base 15) in base 16?
-23
Convert 23 (base 8) to base 16.
13
Convert -b (base 13) to base 9.
-12
Convert -2 (base 9) to base 4.
-2
What is 0 (base 9) in base 5?
0
What is 3b (base 16) in base 13?
47
12 (base 11) to base 2
1101
Convert -1 (base 11) to base 6.
-1
-22 (base 14) to base 5
-110
-143 (base 8) to base 11
-90
-201 (base 3) to base 7
-25
-11 (base 3) to base 10
-4
-a7 (base 11) to base 14
-85
What is -31 (base 6) in base 8?
-23
Convert -5 (base 15) to base 12.
-5
What is -41 (base 5) in base 4?
-111
Convert -2022 (base 4) to base 13.
-a8
Convert 13 (base 10) to base 7.
16
What is -3a (base 13) in base 4?
-301
Convert -5 (base 7) to base 8.
-5
What is -14 (base 12) in base 9?
-17
-27 (base 9) to base 6
-41
21 (base 6) to base 14
d
-1c (base 16) to base 3
-1001
Convert 4 (base 11) to base 12.
4
38 (base 16) to base 9
62
-69 (base 13) to base 10
-87
Convert 17b (base 12) to base 14.
131
-2 (base 8) to base 4
-2
What is -1b (base 12) in base 5?
-43
61 (base 9) to base 8
67
What is 8 (base 13) in base 5?
13
What is -100 (base 6) in base 8?
-44
Convert -1011100 (base 2) to base 13.
-71
Convert 0 (base 9) to base 6.
0
Convert 1 (base 8) to base 11.
1
-62 (base 7) to base 2
-101100
Convert 22 (base 3) to base 14.
8
Convert -4 (base 6) to base 11.
-4
-4 (base 11) to base 14
-4
-26 (base 9) to base 2
-11000
1101001 (base 2) to base 8
151
Convert -3 (base 14) to base 10.
-3
Convert 0 (base 6) to base 5.
0
-276 (base 9) to base 16
-e7
What is -12 (base 4) in base 3?
-20
What is -14 (base 9) in base 10?
-13
What is -4 (base 10) in base 9?
-4
a9 (base 11) to base 13
92
What is -432 (base 5) in base 12?
-99
-58 (base 15) to base 11
-76